{"version":"1.0","provider_name":"Ayuntamiento de Etxauri","provider_url":"https:\/\/www.etxauri.eus\/es","author_name":"Idoia","author_url":"https:\/\/www.etxauri.eus\/es\/author\/exruser1\/","title":"JARDINER\u00cdA y EL CAMBIO CLIM\u00c1TICO - Ayuntamiento de Etxauri","type":"rich","width":600,"height":338,"html":"<blockquote class=\"wp-embedded-content\" data-secret=\"nvMwUleOiR\"><a href=\"https:\/\/www.etxauri.eus\/es\/hitzaldia-hitzaldia-lorezaintza-eta-klima-aldaketa\/\">JARDINER\u00cdA y EL CAMBIO CLIM\u00c1TICO<\/a><\/blockquote><iframe sandbox=\"allow-scripts\" security=\"restricted\" src=\"https:\/\/www.etxauri.eus\/es\/hitzaldia-hitzaldia-lorezaintza-eta-klima-aldaketa\/embed\/#?secret=nvMwUleOiR\" width=\"600\" height=\"338\" title=\"\u00abJARDINER\u00cdA y EL CAMBIO CLIM\u00c1TICO\u00bb \u2014 Ayuntamiento de Etxauri\" data-secret=\"nvMwUleOiR\" frameborder=\"0\" marginwidth=\"0\" marginheight=\"0\" scrolling=\"no\" class=\"wp-embedded-content\"><\/iframe><script type=\"text\/javascript\">\n\/* <![CDATA[ *\/\n\/*! This file is auto-generated *\/\n!function(d,l){\"use strict\";l.querySelector&&d.addEventListener&&\"undefined\"!=typeof URL&&(d.wp=d.wp||{},d.wp.receiveEmbedMessage||(d.wp.receiveEmbedMessage=function(e){var t=e.data;if((t||t.secret||t.message||t.value)&&!\/[^a-zA-Z0-9]\/.test(t.secret)){for(var s,r,n,a=l.querySelectorAll('iframe[data-secret=\"'+t.secret+'\"]'),o=l.querySelectorAll('blockquote[data-secret=\"'+t.secret+'\"]'),c=new RegExp(\"^https?:$\",\"i\"),i=0;i<o.length;i++)o[i].style.display=\"none\";for(i=0;i<a.length;i++)s=a[i],e.source===s.contentWindow&&(s.removeAttribute(\"style\"),\"height\"===t.message?(1e3<(r=parseInt(t.value,10))?r=1e3:~~r<200&&(r=200),s.height=r):\"link\"===t.message&&(r=new URL(s.getAttribute(\"src\")),n=new URL(t.value),c.test(n.protocol))&&n.host===r.host&&l.activeElement===s&&(d.top.location.href=t.value))}},d.addEventListener(\"message\",d.wp.receiveEmbedMessage,!1),l.addEventListener(\"DOMContentLoaded\",function(){for(var e,t,s=l.querySelectorAll(\"iframe.wp-embedded-content\"),r=0;r<s.length;r++)(t=(e=s[r]).getAttribute(\"data-secret\"))||(t=Math.random().toString(36).substring(2,12),e.src+=\"#?secret=\"+t,e.setAttribute(\"data-secret\",t)),e.contentWindow.postMessage({message:\"ready\",secret:t},\"*\")},!1)))}(window,document);\n\/* ]]> *\/\n<\/script>\n","thumbnail_url":"https:\/\/www.etxauri.eus\/wp-content\/uploads\/sites\/103\/2024\/10\/k2_items_src_41b4b772185780c545f480dd3c440a9c.jpg","thumbnail_width":563,"thumbnail_height":317,"description":"El jueves 7 de noviembre, en el ayuntamiento de Etxauri, tendremos ocasi\u00f3n de escuchar a Mikel Baztan, sobre la importancia de la jardiner\u00eda en nuestros cascos urbanos, para hacerlos m\u00e1s amables, vivos, ricos en biodiversidad y atractivos para vivir. Nos&hellip;"}

JARDINERÍA y EL CAMBIO CLIMÁTICO - Ayuntamiento de Etxauri

<blockquote class="wp-embedded-content" data-secret="nvMwUleOiR"><a href="https://www.etxauri.eus/es/hitzaldia-hitzaldia-lorezaintza-eta-klima-aldaketa/">JARDINERÍA y EL CAMBIO CLIMÁTICO</a></blockquote><iframe sandbox="allow-scripts" security="restricted" src="https://www.etxauri.eus/es/hitzaldia-hitzaldia-lorezaintza-eta-klima-aldaketa/embed/#?secret=nvMwUleOiR" width="600" height="338" title="«JARDINERÍA y EL CAMBIO CLIMÁTICO» — Ayuntamiento de Etxauri" data-secret="nvMwUleOiR" frameborder="0" marginwidth="0" marginheight="0" scrolling="no" class="wp-embedded-content"></iframe><script type="text/javascript">
/* <![CDATA[ */
/*! This file is auto-generated */
!function(d,l){"use strict";l.querySelector&&d.addEventListener&&"undefined"!=typeof URL&&(d.wp=d.wp||{},d.wp.receiveEmbedMessage||(d.wp.receiveEmbedMessage=function(e){var t=e.data;if((t||t.secret||t.message||t.value)&&!/[^a-zA-Z0-9]/.test(t.secret)){for(var s,r,n,a=l.querySelectorAll('iframe[data-secret="'+t.secret+'"]'),o=l.querySelectorAll('blockquote[data-secret="'+t.secret+'"]'),c=new RegExp("^https?:$","i"),i=0;i<o.length;i++)o[i].style.display="none";for(i=0;i<a.length;i++)s=a[i],e.source===s.contentWindow&&(s.removeAttribute("style"),"height"===t.message?(1e3<(r=parseInt(t.value,10))?r=1e3:~~r<200&&(r=200),s.height=r):"link"===t.message&&(r=new URL(s.getAttribute("src")),n=new URL(t.value),c.test(n.protocol))&&n.host===r.host&&l.activeElement===s&&(d.top.location.href=t.value))}},d.addEventListener("message",d.wp.receiveEmbedMessage,!1),l.addEventListener("DOMContentLoaded",function(){for(var e,t,s=l.querySelectorAll("iframe.wp-embedded-content"),r=0;r<s.length;r++)(t=(e=s[r]).getAttribute("data-secret"))||(t=Math.random().toString(36).substring(2,12),e.src+="#?secret="+t,e.setAttribute("data-secret",t)),e.contentWindow.postMessage({message:"ready",secret:t},"*")},!1)))}(window,document);
/* ]]> */
</script>

El jueves 7 de noviembre, en el ayuntamiento de Etxauri, tendremos ocasión de escuchar a Mikel Baztan, sobre la importancia de la jardinería en nuestros cascos urbanos, para hacerlos más amables, vivos, ricos en biodiversidad y atractivos para vivir. Nos&hellip;
